 -1523?
1516
In base 8, what is 125 - 2?
123
In base 12, what is -3 - -737?
734
In base 8, what is 21 - 6?
13
In base 16, what is -6 + -b1b?
-b21
In base 11, what is -33 + 12?
-21
In base 11, what is -1 + -68a?
-690
In base 11, what is -7 - -131?
125
In base 3, what is 1201 - 0?
1201
In base 2, what is -100011010 + 1010?
-100010000
In base 5, what is -3 - 24?
-32
In base 8, what is -767 + -1?
-770
In base 14, what is 599 - 1?
598
In base 11, what is -1a4 + 0?
-1a4
In base 11, what is 19 + 4?
22
In base 3, what is 21002 + -11?
20221
In base 3, what is 100 + 2020002?
2020102
In base 10, what is -2915 + 2?
-2913
In base 15, what is 3 - 16b?
-168
In base 8, what is 151 + -27?
122
In base 12, what is b82 - 0?
b82
In base 12, what is -31bb - -5?
-31b6
In base 14, what is 1 - 250a?
-2509
In base 4, what is 11 + -2130?
-2113
In base 11, what is -284 + -10?
-294
In base 3, what is -1120002 + 0?
-1120002
In base 5, what is 210 + 12?
222
In base 5, what is 11 + -43123?
-43112
In base 12, what is -3b98 + 2?
-3b96
In base 3, what is -110222011 - 1?
-110222012
In base 2, what is 100 + 1100000010?
1100000110
In base 2, what is -11001001 - 1111?
-11011000
In base 12, what is 7 + -208?
-201
In base 12, what is -5 - 2520?
-2525
In base 9, what is 5 + 1?
6
In base 2, what is -11 + -1001101101?
-1001110000
In base 13, what is 31a + 1?
31b
In base 11, what is -1 + -1013?
-1014
In base 6, what is -225 - 0?
-225
In base 6, what is -2 - -535?
533
In base 3, what is -10 - 22?
-102
In base 9, what is -7 - -8?
1
In base 12, what is -2 - -218?
216
In base 11, what is 617 - -1?
618
In base 3, what is -21012 + 1121?
-12121
In base 9, what is 65 + 5?
71
In base 13, what is -2 - 14?
-16
In base 7, what is -4 + 13?
6
In base 5, what is 4 + -1040?
-1031
In base 5, what is -3 + -133?
-141
In base 5, what is 1 - 21214?
-21213
In base 2, what is 101000 + 101?
101101
In base 8, what is 36 + 162?
220
In base 6, what is 1553 - 11?
1542
In base 16, what is d - -f?
1c
In base 7, what is 22 + -43?
-21
In base 2, what is 10 - 1001001111111?
-1001001111101
In base 3, what is -12 + -21?
-110
In base 15, what is -35e + 4?
-35a
In base 5, what is 2213 - 0?
2213
In base 11, what is -1 - -461?
460
In base 2, what is -1101111 + 101?
-1101010
In base 8, what is -2 - -150?
146
In base 12, what is 2a + -27?
3
In base 14, what is 6a1 - -4?
6a5
In base 7, what is 5 + -13061?
-13053
In base 15, what is -c - -16?
9
In base 11, what is -2 - 55?
-57
In base 15, what is -4 - 277?
-27b
In base 2, what is -101 - -10010011?
10001110
In base 5, what is 0 - -113?
113
In base 11, what is -924 + -2?
-926
In base 10, what is 15 - 3?
12
In base 5, what is -10 - -13422?
13412
In base 6, what is -211 + -52?
-303
In base 6, what is 2 - 12?
-10
In base 8, what is -2514 - -5?
-2507
In base 13, what is 1033 + -1?
1032
In base 9, what is 235 - -77?
323
In base 2, what is -111101001 - 1000101?
-1000101110
In base 16, what is -1 + -fa?
-fb
In base 9, what is -747 - 2?
-750
In base 9, what is -4676 - -7?
-4668
In base 13, what is 6c - -8?
77
In base 12, what is 39 + -5?
34
In base 14, what is 133a + -3?
1337
In base 8, what is 2503 - 4?
2477
In base 2, what is -10010110010 - 100?
-10010110110
In base 11, what is -3 - -383?
380
In base 15, what is 62e + 6?
635
In base 2, what is 10 - -10001000?
10001010
In base 14, what is 1 + -d4?
-d3
In base 4, what is -102 + -3?
-111
In base 5, what is -23113 - 10?
-23123
In base 4, what is -3 + -11022?
-11031
In base 2, what is 11010 + 11010?
110100
In base 4, what is -101321230 + 1?
-101321223
In base 16, what is 4 - 14e?
-14a
In base 15, what is 350 - -4?
354
In base 14, what is -15 + 93?
7c
In base 13, what is -96 + -5?
-9b
In base 9, what is -178 - -6?
-172
In base 2, what is 111111110 + 100?
1000000010
In base 13, what is 1a4 + -8?
199
In base 2, what is 11 + -10100110010?
-10100101111
In base 4, what is 10 + -322120?
-322110
In base 2, what is -11001 + 101?
-10100
In base 8, what is -4 + 2?
-2
In base 9, what is -3385 - 1?
-3386
In base 12, what is 439 - 1?
438
In base 13, what is -1207 - -1?
-1206
In base 4, what is 230 - -13?
303
In base 6, what is -1155 + 12?
-1143
In base 9, what is -566 - 8?
-575
In base 7, what is 1 - 1361?
-1360
In base 9, what is -10 + -343?
-353
In base 12, what is 29 - -a?
37
In base 7, what is 5 - 10432?
-10424
In base 9, what is 5 + 8034?
8040
In base 15, what is 194 + -9?
18a
In base 5, what is -11000 + 10?
-10440
In base 2, what is -1010 - -10101111?
10100101
In base 11, what is 171 + -2?
16a
In base 3, what is 101011 + -1111?
22200
In base 8, what is -4 - 7774?
-10000
In base 9, what is -441 + 10?
-431
In base 4, what is -121 + 212?
31
In base 3, what is 2212 + 220?
10202
In base 6, what is -5 + 5012?
5003
In base 3, what is 2210002 + 10?
2210012
In base 8, what is -3 + -3440?
-3443
In base 12, what is -4 - 101?
-105
In base 2, what is 111 - 100?
11
In base 2, what is 11 + 101100111?
101101010
In base 8, what is 2 + 1152?
1154
In base 3, what is 22001020 + 10?
22001100
In base 12, what is 88 - -b3?
17b
In base 9, what is 5 + -1010?
-1004
In base 5, what is 3 + 330?
333
In base 7, what is -23525 - 2?
-23530
In base 14, what is -37d + 1?
-37c
In base 8, what is 3641 - 3?
3636
In base 8, what is -42 - -13?
-27
In base 14, what is 709 - -5?
710
In base 14, what is 5b9 + -6?
5b3
In base 9, what is 2 + 60?
62
In base 5, what is -10011 - -13?
-4443
In base 16, what is 5d6 + -1?
5d5
In base 11, what is 54 - 99?
-45
In base 5, what is -2 - 2211?
-2213
In base 5, what is 12032 + 0?
12032
In base 5, what is -41420 + 0?
-41420
In base 3, what is -1 - -12210?
12202
In base 6, what is 5 - 444?
-435
In base 9, what is 5 + 4?
10
In base 6, what is -255 + -5?
-304
In base 4, what is -123 + -12313?
-13102
In base 2, what is -11000000111 - 1001?
-11000010000
In base 9, what is -2 + -445?
-447
In base 2, what is 11110111 - 11?
11110100
In base 7, what is -12 + 166?
154
In base 14, what is 1 + 18d?
190
In base 2, what is -100 - 100001?
-100101
In base 12, what is 1 + 96b?
970
In base 14, what is -b0b + -4?
-b11
In base 10, what is 6 - 8?
-2
In base 4, what is 10 + -1001030?
-1001020
In base 3, what is -100 - -2102?
2002
In base 9, what is -57 - -6?
-51
In base 5, what is -11304 - 3?
-11312
In base 8, what is -3662 - -1?
-3661
In base 9, what is -123 - 6?
-130
In base 6, what is 1415 - 1?
1414
In base 16, what is 33 + -8?
2b
In base 15, what is 12 - 17?
-5
In base 9, what is 16 - -1043?
1060
In base 7, what is 5 + -11666?
-11661
In base 11, what is 1 - 107?
-106
In base 11, what is 22 - -66?
88
In base 3, what is -20121 + -1?
-20122
In base 16, what is 21 + 3?
24
In base 10, what is 15 - -24?
39
In base 10, what is -226 - -3?
-223
In base 10, what is 2239 - 5?
2234
In base 7, what is 152 + -2?
150
In base 8, what is 26 + 2763?
3011
In base 3, what is -10020002 - 10?
-10020012
In base 9, what is 235 - 26?
208
In base 4, what is -100 + 20?
-20
In base 7, what is -5 - 314?
-322
In base 6, what is -320 - 5?
-325
In base 6, what is 310 + -552?
-242
In base 15, what is -3 - -44a?
447
In base 16, what is -e + -c1?
-cf
In base 16, what is 387 + -9?
37e
In base 5, what is 11 + 21100?
21111
In base 10, what is -4 + 3184?
3180
In base 13, what is 5 + 27?
2c
In base 6, what is -3 - -50152?
50145
In base 9, what is -1580 + -6?
-1586
In base 3, what is -112222 - -10?
-112212
In base 2, what is 10101 - -1110101?
10001010
In base 2, what is 10 - 1111010?
-1111000
In base 11, what is -37 + -2?
-39
In base 7, what is -2 - 3424?
-3426
In base 3, what is 211012202 + 12?
211012221
In base 10, what is 1 - 357?
-356
In base 13, what is -2 - 21?
-23
In base 14, what is 13c4 - 0?
13c4
In base 15, what is -c - -416?
409
In base 3, what is -10 + -2121?
-2201
In base 4, what is 2220 + 1?
2221
In base 7, what is 35621 - -5?
35626
In base 10, what is 4 - 682?
-678
In base 10, what is 3454 + 0?
3454
In base 6, what is -12 - -3?
-5
In base 3, what is -112022 - -12?
-112010
In base 8, what is -61 + 543?
462
In base 5, what is -2 + 341?
334
In base 3, what is -12 - -10210?
10121
In base 15, what is 100 - 0?
100
In base 2, what is 0 + -11?
-11
In base 13, what is -30b + 0?
-30b
In base 14, what is -12d - -3?
-12a
In base 11, what is -15974 - 3?
-15977
In base 2, what is -1000010010001010 + 101?
-100